6 is divided by 4300?
86
Calculate the remainder when 243222 is divided by 13.
5
Calculate the remainder when 9819 is divided by 1263.
978
Calculate the remainder when 4863 is divided by 1609.
36
Calculate the remainder when 3704 is divided by 1228.
20
What is the remainder when 8025 is divided by 3973?
79
Calculate the remainder when 8268387 is divided by 74.
71
What is the remainder when 585094 is divided by 8865?
4
What is the remainder when 5661 is divided by 186?
81
Calculate the remainder when 617930 is divided by 22.
16
Calculate the remainder when 1082 is divided by 777.
305
What is the remainder when 3491 is divided by 38?
33
Calculate the remainder when 3337 is divided by 1050.
187
Calculate the remainder when 747252 is divided by 43.
41
What is the remainder when 2605226 is divided by 49?
43
What is the remainder when 4912 is divided by 474?
172
Calculate the remainder when 1419 is divided by 421.
156
Calculate the remainder when 5863 is divided by 130.
13
Calculate the remainder when 83430 is divided by 58.
26
Calculate the remainder when 1246 is divided by 611.
24
Calculate the remainder when 102655 is divided by 7.
0
What is the remainder when 3120 is divided by 62?
20
Calculate the remainder when 24987 is divided by 1998.
1011
Calculate the remainder when 293925 is divided by 444.
441
Calculate the remainder when 62139 is divided by 31062.
15
Calculate the remainder when 4832 is divided by 96.
32
Calculate the remainder when 60620 is divided by 2515.
260
What is the remainder when 309157 is divided by 113?
102
What is the remainder when 225365 is divided by 225313?
52
Calculate the remainder when 14783 is divided by 4714.
641
What is the remainder when 401601 is divided by 80319?
6
What is the remainder when 48029 is divided by 281?
259
Calculate the remainder when 23435099 is divided by 20.
19
Calculate the remainder when 782 is divided by 29.
28
Calculate the remainder when 19631 is divided by 32.
15
What is the remainder when 22419 is divided by 104?
59
What is the remainder when 5377 is divided by 193?
166
Calculate the remainder when 10847 is divided by 1804.
23
What is the remainder when 1712 is divided by 439?
395
Calculate the remainder when 130725 is divided by 32676.
21
Calculate the remainder when 10666 is divided by 322.
40
Calculate the remainder when 13437 is divided by 1119.
9
Calculate the remainder when 6424 is divided by 536.
528
Calculate the remainder when 3197 is divided by 2820.
377
What is the remainder when 66644 is divided by 66641?
3
What is the remainder when 7024 is divided by 1862?
1438
Calculate the remainder when 142037 is divided by 536.
533
What is the remainder when 8727 is divided by 1725?
102
What is the remainder when 508511 is divided by 25?
11
What is the remainder when 14696 is divided by 613?
597
Calculate the remainder when 11096 is divided by 924.
8
Calculate the remainder when 21397 is divided by 10209.
979
What is the remainder when 972 is divided by 10?
2
Calculate the remainder when 4041 is divided by 104.
89
What is the remainder when 34934 is divided by 34903?
31
What is the remainder when 1795839 is divided by 1699?
1695
Calculate the remainder when 1537 is divided by 142.
117
What is the remainder when 4734 is divided by 787?
12
Calculate the remainder when 1320 is divided by 146.
6
What is the remainder when 2950 is divided by 745?
715
What is the remainder when 8369 is divided by 95?
9
What is the remainder when 140729 is divided by 33?
17
Calculate the remainder when 2132 is divided by 130.
52
Calculate the remainder when 13650 is divided by 511.
364
Calculate the remainder when 152033 is divided by 35.
28
What is the remainder when 19125 is divided by 128?
53
Calculate the remainder when 18912 is divided by 6286.
54
Calculate the remainder when 166227 is divided by 15111.
6
Calculate the remainder when 22249 is divided by 146.
57
What is the remainder when 3585 is divided by 447?
9
What is the remainder when 6240 is divided by 725?
440
Calculate the remainder when 1274 is divided by 424.
2
What is the remainder when 12362 is divided by 425?
37
What is the remainder when 26977 is divided by 248?
193
What is the remainder when 12946 is divided by 209?
197
Calculate the remainder when 1707478 is divided by 284579.
4
What is the remainder when 131075 is divided by 87?
53
What is the remainder when 23855 is divided by 302?
299
What is the remainder when 785 is divided by 259?
8
What is the remainder when 42160 is divided by 75?
10
Calculate the remainder when 53686 is divided by 26838.
10
What is the remainder when 2556 is divided by 139?
54
Calculate the remainder when 4216 is divided by 13.
4
Calculate the remainder when 48091 is divided by 14.
1
What is the remainder when 15516 is divided by 738?
18
What is the remainder when 66548 is divided by 121?
119
What is the remainder when 5025 is divided by 1654?
63
What is the remainder when 1787 is divided by 755?
277
What is the remainder when 16742 is divided by 452?
18
Calculate the remainder when 5755 is divided by 49.
22
Calculate the remainder when 7439 is divided by 7366.
73
Calculate the remainder when 7355 is divided by 335.
320
Calculate the remainder when 19561 is divided by 301.
297
Calculate the remainder when 11361 is divided by 48.
33
What is the remainder when 44502 is divided by 43?
40
What is the remainder when 51717 is divided by 17222?
51
Calculate the remainder when 7449 is divided by 54.
51
What is the remainder when 7294 is divided by 7042?
252
Calculate the remainder when 2468 is divided by 616.
4
What is the remainder when 6810 is divided by 96?
90
What is the remainder when 3540 is divided by 360?
300
What is the remainder when 158062 is divided by 208?
190
What is the remainder when 3597 is divided by 717?
12
What is the remainder when 305912 is divided by 6?
2
What is the remainder when 492 is divided by 283?
209
What is the remainder when 6264 is divided by 52?
24
What is the remainder when 116205 is divided by 12?
9
Calculate the remainder when 37672 is divided by 18828.
16
What is the remainder when 7277 is divided by 81?
68
Calculate the remainder when 1370 is divided by 1364.
6
Calculate the remainder when 4449 is divided by 4432.
17
Calculate the remainder when 38114 is divided by 315.
314
Calculate the remainder when 56253 is divided by 265.
73
Calculate the remainder when 997 is divided by 324.
25
What is the remainder when 243316 is divided by 124?
28
Calculate the remainder when 34741 is divided by 59.
49
What is the remainder when 682248 is divided by 2665?
8
Calculate the remainder when 46960 is divided by 5867.
24
Calculate the remainder when 28914 is divided by 482.
476
What is the remainder when 576489 is divided by 19?
10
What is the remainder when 64901 is divided by 37?
3
Calculate the remainder when 18440 is divided by 143.
136
Calculate the remainder when 427 is divided by 123.
58
What is the remainder when 2402879 is divided by 96?
95
What is the remainder when 9739 is divided by 443?
436
Calculate the remainder when 2566 is divided by 851.
13
Calculate the remainder when 780 is divided by 320.
140
What is the remainder when 54459 is divided by 6807?
3
Calculate the remainder when 25507 is divided by 1500.
7
What is the remainder when 3671 is divided by 72?
71
What is the remainder when 340145 is divided by 301?
15
Calculate the remainder when 3180 is divided by 110.
100
Calculate the remainder when 68790 is divided by 1600.
1590
Calculate the remainder when 34358 is divided by 87.
80
Calculate the remainder when 38702 is divided by 496.
14
What is the remainder when 92216 is divided by 59?
58
What is the remainder when 61665 is divided by 20536?
57
Calculate the remainder when 129967 is divided by 4192.
15
Calculate the remainder when 9444 is divided by 2356.
20
Calculate the remainder when 38547 is divided by 4818.
3
Calculate the remainder when 19310 is divided by 333.
329
Calculate the remainder when 7521 is divided by 1877.
13
Calculate the remainder when 1731 is divided by 161.
121
Calculate the remainder when 58706 is divided by 20.
6
What is the remainder when 52695 is divided by 13169?
19
Calculate the remainder when 59937 is divided by 77.
31
Calculate the remainder whe